 9. Let p be y(-3). Suppose -2*h + z + 9 = 0, 4*z = h + p - 4. What is the units digit of h?
5
Let v(p) = -257*p - 78. What is the units digit of v(-5)?
7
Suppose -14*b + 3517 = -263. What is the hundreds digit of b?
2
Suppose -26 - 9 = 5*n. What is the tens digit of n/(14/(-164)) - (-4 + 2)?
8
Suppose 0 = -2*t + z - 2*z + 134, -2*t = 5*z - 142. Let k = 172 - t. What is the tens digit of k?
0
Let b(d) = d**2 - 9*d + 7. Let v be b(8). Let g be 1*(2 - 12)/v. Let h(n) = n**2 - 7*n - 12. What is the units digit of h(g)?
8
Let b = -1801 + 5010. What is the tens digit of b?
0
Let f = 21 - -1314. What is the thousands digit of f?
1
Suppose 5*g = -2*m + 10, 3*m - 29 + 14 = 0. Let t(d) = -d + 8. Let c be t(4). Suppose -c*z - z + 210 = g. What is the units digit of z?
2
Let n = 14 + -3. Let o = n + -17. What is the units digit of (-12)/36 - 80/o?
3
Let a(r) = -r**2 + 6*r. Let x be a(4). Suppose 2*g + x = -0. Let i = 10 - g. What is the tens digit of i?
1
Let b be ((-30)/8)/((-14)/56). What is the units digit of 6 - (b/(-5) - 0)?
9
Let v be 425/9 + 2/(-9). Suppose 58 + 22 = r. Let z = r - v. What is the tens digit of z?
3
Let v be (-7 + 1)/((-24)/32). Suppose 0 = 2*d + 4*u - 262, -v*d + 3*d + 646 = u. What is the tens digit of d?
2
Suppose -7*t + 1635 = 46. Let w = -140 + t. What is the units digit of w?
7
Let c(u) = -u**3 + 9*u**2 - 10*u + 19. Let t be c(8). Let f be -2*2/4 + 17. Suppose t*s = 2*j + 3*j - f, -3*j + 4 = s. What is the units digit of j?
2
Suppose -c = 29 + 33. What is the units digit of 4/(3 + 184/c)?
4
Let k = -113 + 55. Let o = 5 - k. What is the units digit of o?
3
Let i(s) = 6*s**2 + 26*s - 194. What is the hundreds digit of i(-26)?
1
Let t be 4/(-18) - (-222)/27. Let x(d) = -d**3 + 9*d**2 - 7*d - 6. Let v be x(t). What is the tens digit of v*(-5)/((-3)/3)?
1
Let o(r) = r**3 - 3*r**2 - 4*r. Let z = 5 + -1. Let n be o(z). Suppose 4*h = 3*h, n = -d + 4*h + 18. What is the units digit of d?
8
Let p(y) = 49 - 67 - 2*y + 39. What is the tens digit of p(-13)?
4
Suppose -718 = -c + 120. What is the hundreds digit of c?
8
Let z(t) = -t**3 + 32*t**2 + 32*t - 82. What is the tens digit of z(32)?
4
Let o = -370 - -1578. What is the tens digit of o?
0
Let r be ((-22)/(-10) + -1)*5/2. Suppose -n + 266 = -r*c - 0*c, -3*n = 3*c - 786. What is the units digit of n?
3
Suppose 4*i - 4*p + 232 = 0, 4*i + 3*p - 112 + 344 = 0. Let a = 110 + i. Let d = 86 - a. What is the units digit of d?
4
Suppose -4*q + 6*m - 412 = 2*m, -q - 105 = m. Let g be 4/6 + q/3. What is the units digit of (-7)/14 - g/4?
8
Let o(q) = -2*q + 45. Let k(s) = -12 + 28 - 17. Let f(v) = -2*k(v) + o(v). What is the tens digit of f(0)?
4
Let v = -75 + 80. Suppose -v*w + 446 = -3*w - 5*a, -5*w + 5*a + 1100 = 0. What is the units digit of w?
8
Suppose 2*q - 3*q = t + 20, -t + 4*q - 30 = 0. Let s = -3 - t. What is the tens digit of s?
1
Let d = 21 - 27. Let k be (-8)/d*(-126)/(-28). What is the units digit of 14 + (-2 - k/3)?
0
Let u = -466 + 740. What is the units digit of u?
4
Suppose -r + 3*k + 77 = -495, -r + 4*k + 574 = 0. What is the tens digit of r?
6
Let k(b) = 7*b**3 - 9*b**2 - 10*b + 3. Let m be k(6). Suppose -m = -4*p - 9*p. What is the tens digit of p?
8
Suppose -5*l - z + 12985 = 0, l = -2*l + 2*z + 7791. What is the thousands digit of l?
2
Let k = 289 + 327. What is the tens digit of k?
1
Let v(s) = 3*s**2 + 73*s + 296. What is the thousands digit of v(-52)?
4
What is the hundreds digit of (0 + 5976/(-15))/(36/(-90))?
9
Suppose -4*f + 3 = -5. Suppose -10 - 94 = -f*o. What is the tens digit of o?
5
Suppose 0*d = -5*d + 5*w + 1970, -4*w - 1186 = -3*d. What is the tens digit of d?
9
Let x = -964 - -1589. What is the tens digit of x/10 - (-3)/(-6)?
6
Let q(k) = -2*k - 10. Let t(i) = 3*i + 21. Let a(g) = 7*q(g) + 3*t(g). What is the units digit of a(-6)?
3
Suppose 2*w = -117 - 51. Let d = w + 145. What is the units digit of d?
1
Let t(i) = -i**3 - 15*i**2 - 30*i - 22. Let g be t(-14). Suppose -2*z + 2*r = 2*z - g, -3*r + 225 = 5*z. What is the units digit of z?
8
Let f(k) = 14*k + 2. Let b be f(4). Suppose -5*l = 5*i + 2 - 17, 3*l = -i + 3. Suppose 3*p = -0*p - a + b, 52 = i*p + 4*a. What is the tens digit of p?
2
Let w(d) = -1393*d - 113. What is the units digit of w(-3)?
6
Suppose -61*k = -50935 + 11529. What is the hundreds digit of k?
6
Let j(g) = -g**3 + 5*g**2 + 6*g - 15. Let y be j(6). Let a be y + 200 - (-3)/(-1). What is the units digit of a/10 - 24/(-30)?
9
Suppose j + 61 = t, -t + 5*j + 247 = 3*t. Let r = t - -8. What is the units digit of r?
6
Let y be ((280/(-12))/5)/(2/3). What is the hundreds digit of y + 279 - (0 - 4)?
2
Let w be 389*-2*(-7)/(-14). Let y = w + 545. What is the hundreds digit of y?
1
Let u be (-190)/(-6) - (-4)/(-6). Suppose -34*a = -u*a - 15. Suppose 9 + 23 = a*o - 4*g, 0 = 2*o + 2*g - 20. What is the units digit of o?
8
Suppose -5*j = 3*o - 4738, o + 25*j = 28*j + 1556. What is the thousands digit of o?
1
Let d be ((-182)/6 - 3)*-36. Suppose -296 + d = 4*m. What is the tens digit of m?
2
Let f(o) = o**3 + 9*o**2 - 11*o - 6. Let j be f(-10). Suppose 8 = 4*i + 5*z - 38, j*i = -z + 54. What is the units digit of i?
4
Let q(r) = -732 + 3*r**2 - 2*r**2 - 9*r + 748. What is the units digit of q(11)?
8
Let h(w) = -w**2 - 13*w + 3. Let m be h(-13). Let x(i) = -i**3 + 2*i + 3*i + 0 + 2*i**2 - 6 + 3. What is the units digit of x(m)?
3
Let g = 5002 - 2532. What is the hundreds digit of g?
4
Let q(t) = -3*t**3 + t**2 + 66*t - 5. What is the tens digit of q(-8)?
6
Let l(o) = 10*o**2 - 5. Let v be l(4). Suppose -21*y - v = -26*y. What is the units digit of y?
1
Suppose 3*v = 2*a - 9, -a + 2 = v + 5. Let t = -3 - v. Suppose t = -4*j + 71 + 37. What is the units digit of j?
7
Let p = -41 - -44. Suppose 0 = -2*j + 2, 5*d - 1 = -4*j + p. Suppose w - 116 = 3*z - 37, d = -4*w + 4*z + 284. What is the tens digit of w?
6
Suppose 17*a = 20*a - 519. What is the units digit of a?
3
Suppose 0 = 2*z + 2*h - 6*h + 12, 4*h = 4*z + 8. Let v = z - -2. Let o(c) = 2*c**3 - 4*c**2 - 3*c - 5. What is the tens digit of o(v)?
4
Suppose y + 8 = -3*y. Let r be -5*8 - (0 + 2). Let n = y - r. What is the tens digit of n?
4
Let x(r) be the first derivative of 5*r**3/3 - 3*r**2 - 2*r - 7. What is the units digit of x(-5)?
3
Let n(j) = j**2 - j + 9. Let o be n(0). Suppose 0 = 14*f - 16*f - 2. Let t = o + f. What is the units digit of t?
8
Suppose -5*b = -5 - 5. Let n(d) = 9*d**3 - 2. What is the tens digit of n(b)?
7
Suppose 6*a = 2*a - 3*q - 16, a - 2*q + 4 = 0. What is the units digit of a/(-10)*5*46/4?
3
What is the hundreds digit of (-552)/8*889/(-21)?
9
Suppose -5*h - 1 = -2*u - 0*u, 2*h + 29 = 3*u. Suppose -u - 17 = 3*c. Let y = 58 + c. What is the units digit of y?
8
Let t = 19 - 2. Let w(y) = -6*y - 6*y + 2 + t*y. What is the tens digit of w(4)?
2
Let a(t) = 39*t**3 + t**2 - 1. Let n be a(2). Suppose -n - 123 = -2*s. What is the tens digit of s?
1
Let h be ((-18)/21)/(6/(-28)). Let y be (20/6)/(h/6). Suppose i + 2*q - 11 = 5*q, 37 = 3*i - y*q. What is the tens digit of i?
1
What is the units digit of (-4)/(20/(-15))*-1 - -521?
8
Let d = -15 + 20. Suppose -d*x + x - 5*w = 25, 5 = -4*x - w. Suppose 5*n - 165 = -x*n. What is the tens digit of n?
3
Let p = 469 - 66. What is the units digit of p?
3
Let k(f) = -f**2 + 10*f - 14. Let r be k(6). Let y(v) = 7*v - 4. Let b be y(r). Suppose 4*a - b = 18. What is the tens digit of a?
2
Suppose -21*o + 77 - 14 = 0. Suppose 0 = -5*k + k + 200. Let r = k + o. What is the tens digit of r?
5
Suppose 12*o = 1031 + 49. What is the tens digit of o?
9
Let p(w) = w**2 + 6*w - 11. Let i be p(-8). Suppose i*c = -0*c + 35. Suppose 2*b + 18 = -5*o, -c*b + 2*b + 21 = -4*o. What is the units digit of b?
1
Suppose 3*s - 40*v - 3552 = -42*v, 0 = -2*s - v + 2367. What is the hundreds digit of s?
1
Suppose 4217*y - 4213*y = 7352. What is the units digit of y?
8
Let g be -1 + 3 + 3 + -2. Suppose g*c + 2*q + 4 = 0, 2*q = -2 + 4. What is the units digit of (-22)/c - (6 + -4)?
9
Let y(g) = 79*g**2 - 4*g - 6. Let w(r) = -39*r**2 + 2*r + 3. Let v(t) = -9*w(t) - 4*y(t). What is the tens digit of v(-1)?
3
Let t(d) = -5*d**2 - 9*d - 17. Let o(m) = m**2 + m. Let x(s) = -3*o(s) - t(s). What is the tens digit of x(-6)?
5
Suppose d + 41 = 2*g + g, 5*d = 3*g - 37. What is t